{"id":81143,"date":"2025-07-02T07:25:25","date_gmt":"2025-07-02T07:25:25","guid":{"rendered":"https:\/\/yeguadaborrego.es\/?page_id=81143"},"modified":"2025-08-11T10:30:49","modified_gmt":"2025-08-11T10:30:49","slug":"equipo-humano","status":"publish","type":"page","link":"https:\/\/yeguadaborrego.es\/index.php\/equipo-humano\/","title":{"rendered":"Equipo Humano"},"content":{"rendered":"\t\t<div data-elementor-type=\"wp-page\" data-elementor-id=\"81143\" class=\"elementor elementor-81143\">\n\t\t\t\t<div class=\"elementor-element elementor-element-a8b692a e-flex e-con-boxed text-reveal-no e-con e-parent\" data-id=\"a8b692a\" data-element_type=\"container\">\n\t\t\t\t\t<div class=\"e-con-inner\">\n\t\t\t\t<div class=\"elementor-element elementor-element-9447824 cea-mobile-align-left elementor-widget elementor-widget-ceasectiontitle\" data-id=\"9447824\" data-element_type=\"widget\" data-widget_type=\"ceasectiontitle.default\">\n\t\t\t\t<div class=\"elementor-widget-container\">\n\t\t\t\t\t<div class=\"section-title-wrapper\"><div class=\"title-wrap\"><div class=\"sub-title\"><span class=\"subtitle-dots \" >Nuestro equipo<\/span><\/div><h2 class=\"section-title none\" data-animation=\"none\">Una yeguada familiar con alma profesional<\/h2><\/div><!-- .title-wrap --><div class=\"section-description\"><\/div><!-- .section-description --><\/div><!-- .section-title-wrapper -->\t\t\t\t<\/div>\n\t\t\t\t<\/div>\n\t\t\t\t<div class=\"elementor-element elementor-element-93e0ee4 cea-view-default elementor-widget elementor-widget-ceafeaturebox\" data-id=\"93e0ee4\" data-element_type=\"widget\" data-widget_type=\"ceafeaturebox.default\">\n\t\t\t\t<div class=\"elementor-widget-container feature-box-wrapper feature-box-default\">\n\t\t\t<div class=\"feature-box-inner\"><div class=\"cea-featured-icon\"><\/div><div class=\"fbox-content\">Detr\u00e1s de cada ejemplar criado en Yeguada Borrego hay mucho m\u00e1s que gen\u00e9tica y dedicaci\u00f3n ganadera: hay un equipo humano comprometido, con experiencia, pasi\u00f3n y un profundo respeto por el caballo de Pura Raza Espa\u00f1ola. una familia y un grupo de profesionales que comparten una visi\u00f3n: criar con honestidad, criterio t\u00e9cnico y amor por el oficio. <\/div><\/div>\t\t<\/div>\n\t\t\t\t<\/div>\n\t\t\t\t\t<\/div>\n\t\t\t\t<\/div>\n\t\t<div class=\"elementor-element elementor-element-9fc6b5d e-con-full e-flex text-reveal-no e-con e-parent\" data-id=\"9fc6b5d\" data-element_type=\"container\">\n\t\t<div class=\"elementor-element elementor-element-77dfbe7 e-con-full e-flex text-reveal-no e-con e-child\" data-id=\"77dfbe7\" data-element_type=\"container\">\n\t\t<div class=\"elementor-element elementor-element-fa69470 e-con-full e-flex text-reveal-no e-con e-child\" data-id=\"fa69470\" data-element_type=\"container\">\n\t\t<div class=\"elementor-element elementor-element-cad5508 e-con-full e-flex text-reveal-no e-con e-child\" data-id=\"cad5508\" data-element_type=\"container\">\n\t\t\t\t<div class=\"elementor-element elementor-element-f6614b8 cea-mobile-align-center cea-tablet-align-left elementor-widget elementor-widget-ceasectiontitle\" data-id=\"f6614b8\" data-element_type=\"widget\" data-widget_type=\"ceasectiontitle.default\">\n\t\t\t\t<div class=\"elementor-widget-container\">\n\t\t\t\t\t<div class=\"section-title-wrapper\"><div class=\"title-wrap\"><div class=\"sub-title\"><span class=\"subtitle-dots \" >Nuestro equipo<\/span><\/div><h2 class=\"section-title none\" data-animation=\"none\">Profesionales al servicio del caballo<\/h2><\/div><!-- .title-wrap --><div class=\"section-description\"><p class=\"section-content\">Hoy, Yeguada Borrego es una estructura familiar consolidada, con profesionales especializados en cada fase del proceso ganadero. <\/p>\t\t\t\t\t<div class=\"cea-button-wrapper\">\n\t\t\t\t\t\t<a href=\"#\" class=\"cea-button-link elementor-button cea-button elementor-size-sm\">\n\t\t\t\t\t\t\t\t\t<span class=\"cea-button-content-wrapper\">\n\t\t\t\t\t\t<span class=\"cea-button-icon cea-align-icon-right\">\n\t\t\t\t<i aria-hidden=\"true\" class=\" bi-arrow-right\"><\/i>\t\t\t<\/span>\n\t\t\t\t\t\t<span class=\"cea-button-text\">Cont\u00e1ctanos<\/span>\n\t\t<\/span>\n\t\t\t\t\t\t\t\t<\/a>\n\t\t\t\t\t<\/div>\n\t\t\t\t\t<\/div><!-- .section-description --><\/div><!-- .section-title-wrapper -->\t\t\t\t<\/div>\n\t\t\t\t<\/div>\n\t\t\t\t<\/div>\n\t\t<div class=\"elementor-element elementor-element-118dde5 e-con-full e-flex text-reveal-no e-con e-child\" data-id=\"118dde5\" data-element_type=\"container\">\n\t\t\t\t<div class=\"elementor-element elementor-element-02b6cbc elementor-widget elementor-widget-ceateam\" data-id=\"02b6cbc\" data-element_type=\"widget\" data-widget_type=\"ceateam.default\">\n\t\t\t\t\r\n\t\t<div class=\"elementor-widget-container team-wrapper team-style-default team-light team-slide-model\">\r\n\t\t\r\n\t\t\t<div class=\"cea-carousel owl-carousel\" data-loop=\"1\" data-margin=\"30\" data-center=\"0\" data-nav=\"0\" data-dots=\"0\" data-autoplay=\"1\" data-items=\"3\" data-items-tab=\"2\" data-items-mob=\"1\" data-duration=\"3000\" data-smartspeed=\"2000\" data-scrollby=\"1\" data-autoheight=\"0\"><div class=\"owl-carousel-item\" ><div class=\"team-inner\"><div class=\"post-thumb\"><a href=\"https:\/\/yeguadaborrego.es\/index.php\/team\/ivan-borrego\/\" class=\"post-image-link\"><img decoding=\"async\" src=\"https:\/\/yeguadaborrego.es\/wp-content\/uploads\/2025\/07\/Ivan-Borrego-scaled.jpg\" title=\"Iv\u00e1n Borrego\" alt=\"Iv\u00e1n Borrego\" class=\"img-fluid squared\" \/><\/a><\/div><!-- .post-thumb --><div class=\"entry-title\"><h4 class=\"post-title-head\"><a href=\"https:\/\/yeguadaborrego.es\/index.php\/team\/ivan-borrego\/\" class=\"post-title\">Iv\u00e1n Borrego<\/a><\/h4><\/div><!-- .entry-title --><div class=\"team-designation\"><div class=\"post-designation-head\">IVAN BORREGO - Gerente y Ganadero<\/div><\/div><!-- .team-designation --><\/div><!-- .team-inner --><\/div><!-- .col \/ .owl-carousel-item \/ .isotope --><div class=\"owl-carousel-item\" ><div class=\"team-inner\"><div class=\"post-thumb\"><a href=\"https:\/\/yeguadaborrego.es\/index.php\/team\/david\/\" class=\"post-image-link\"><img decoding=\"async\" src=\"https:\/\/yeguadaborrego.es\/wp-content\/uploads\/2025\/07\/2.png\" title=\"2\" alt=\"\" class=\"img-fluid squared img-fluid squared\" \/><\/a><\/div><!-- .post-thumb --><div class=\"entry-title\"><h4 class=\"post-title-head\"><a href=\"https:\/\/yeguadaborrego.es\/index.php\/team\/david\/\" class=\"post-title\">David Navarro<\/a><\/h4><\/div><!-- .entry-title --><div class=\"team-designation\"><div class=\"post-designation-head\">DAVID - MAYORAL Y PRESENTADOR<\/div><\/div><!-- .team-designation --><\/div><!-- .team-inner --><\/div><!-- .col \/ .owl-carousel-item \/ .isotope --><div class=\"owl-carousel-item\" ><div class=\"team-inner\"><div class=\"post-thumb\"><a href=\"https:\/\/yeguadaborrego.es\/index.php\/team\/eduardo\/\" class=\"post-image-link\"><img decoding=\"async\" src=\"https:\/\/yeguadaborrego.es\/wp-content\/uploads\/2025\/07\/2.png\" title=\"2\" alt=\"\" class=\"img-fluid squared img-fluid squared img-fluid squared\" \/><\/a><\/div><!-- .post-thumb --><div class=\"entry-title\"><h4 class=\"post-title-head\"><a href=\"https:\/\/yeguadaborrego.es\/index.php\/team\/eduardo\/\" class=\"post-title\">Eduardo Gallego<\/a><\/h4><\/div><!-- .entry-title --><div class=\"team-designation\"><div class=\"post-designation-head\">EDUARDO - JINETE<\/div><\/div><!-- .team-designation --><\/div><!-- .team-inner --><\/div><!-- .col \/ .owl-carousel-item \/ .isotope --><div class=\"owl-carousel-item\" ><div class=\"team-inner\"><div class=\"post-thumb\"><a href=\"https:\/\/yeguadaborrego.es\/index.php\/team\/mario-palomino\/\" class=\"post-image-link\"><img decoding=\"async\" src=\"https:\/\/yeguadaborrego.es\/wp-content\/uploads\/2025\/07\/2.png\" title=\"2\" alt=\"\" class=\"img-fluid squared img-fluid squared img-fluid squared img-fluid squared\" \/><\/a><\/div><!-- .post-thumb --><div class=\"entry-title\"><h4 class=\"post-title-head\"><a href=\"https:\/\/yeguadaborrego.es\/index.php\/team\/mario-palomino\/\" class=\"post-title\">Mario Palomino<\/a><\/h4><\/div><!-- .entry-title --><div class=\"team-designation\"><div class=\"post-designation-head\">MARIO PALOMINO - Asesor t\u00e9cnico<\/div><\/div><!-- .team-designation --><\/div><!-- .team-inner --><\/div><!-- .col \/ .owl-carousel-item \/ .isotope --><\/div><!-- .owl-carousel -->\t\t\t\r\n\t\t<\/div>\r\n\t\t\t\t<\/div>\n\t\t\t\t<\/div>\n\t\t\t\t<\/div>\n\t\t\t\t<\/div>\n\t\t\t\t<\/div>\n\t\t<div class=\"elementor-element elementor-element-69e1411 e-flex e-con-boxed text-reveal-no e-con e-parent\" data-id=\"69e1411\" data-element_type=\"container\">\n\t\t\t\t\t<div class=\"e-con-inner\">\n\t\t<div class=\"elementor-element elementor-element-6761cc4 e-con-full e-flex text-reveal-no e-con e-child\" data-id=\"6761cc4\" data-element_type=\"container\">\n\t\t\t\t<div class=\"elementor-element elementor-element-57f106c cea-view-default elementor-widget elementor-widget-ceafeaturebox\" data-id=\"57f106c\" data-element_type=\"widget\" data-widget_type=\"ceafeaturebox.default\">\n\t\t\t\t<div class=\"elementor-widget-container feature-box-wrapper feature-box-default\">\n\t\t\t<div class=\"feature-box-inner\"><div class=\"cea-featured-icon\"><\/div><h5 class=\"feature-box-title\">Un equipo con una misma visi\u00f3n<\/h5><div class=\"fbox-content\">Cada miembro del equipo de Yeguada Borrego -desde los encargados de pista hasta los responsables del bienestar y la alimentaci\u00f3n- comparte una misma misi\u00f3n: criar caballos sanos, nobles, equilibrados y t\u00e9cnicamente sobresalientes. El trabajo en equipo, el conocimiento profundo del comportamiento equino y el compromiso diario con la calidad son los pilares que nos definen. <\/div><\/div>\t\t<\/div>\n\t\t\t\t<\/div>\n\t\t\t\t<\/div>\n\t\t<div class=\"elementor-element elementor-element-7a6a8e4 e-con-full e-flex text-reveal-no e-con e-child\" data-id=\"7a6a8e4\" data-element_type=\"container\">\n\t\t\t\t<div class=\"elementor-element elementor-element-88af2c4 elementor-widget elementor-widget-image\" data-id=\"88af2c4\" data-element_type=\"widget\" data-widget_type=\"image.default\">\n\t\t\t\t<div class=\"elementor-widget-container\">\n\t\t\t\t\t\t\t\t\t\t\t\t\t\t\t<img fetchpriority=\"high\" decoding=\"async\" width=\"1140\" height=\"676\" src=\"https:\/\/yeguadaborrego.es\/wp-content\/uploads\/2025\/08\/horse-2460066_1280-1170x694.jpg\" class=\"attachment-large size-large wp-image-81282\" alt=\"\" srcset=\"https:\/\/yeguadaborrego.es\/wp-content\/uploads\/2025\/08\/horse-2460066_1280-1170x694.jpg 1170w, https:\/\/yeguadaborrego.es\/wp-content\/uploads\/2025\/08\/horse-2460066_1280-768x456.jpg 768w\" sizes=\"(max-width: 1140px) 100vw, 1140px\" \/>\t\t\t\t\t\t\t\t\t\t\t\t\t\t\t<\/div>\n\t\t\t\t<\/div>\n\t\t\t\t<\/div>\n\t\t\t\t\t<\/div>\n\t\t\t\t<\/div>\n\t\t\t\t<\/div>\n\t\t","protected":false},"excerpt":{"rendered":"<p>Nuestro equipo Una yeguada familiar con alma profesional Detr\u00e1s de cada ejemplar criado en Yeguada..<\/p>\n","protected":false},"author":1,"featured_media":0,"parent":0,"menu_order":0,"comment_status":"closed","ping_status":"closed","template":"","meta":{"footnotes":""},"class_list":["post-81143","page","type-page","status-publish","hentry"],"_links":{"self":[{"href":"https:\/\/yeguadaborrego.es\/index.php\/wp-json\/wp\/v2\/pages\/81143","targetHints":{"allow":["GET"]}}],"collection":[{"href":"https:\/\/yeguadaborrego.es\/index.php\/wp-json\/wp\/v2\/pages"}],"about":[{"href":"https:\/\/yeguadaborrego.es\/index.php\/wp-json\/wp\/v2\/types\/page"}],"author":[{"embeddable":true,"href":"https:\/\/yeguadaborrego.es\/index.php\/wp-json\/wp\/v2\/users\/1"}],"replies":[{"embeddable":true,"href":"https:\/\/yeguadaborrego.es\/index.php\/wp-json\/wp\/v2\/comments?post=81143"}],"version-history":[{"count":22,"href":"https:\/\/yeguadaborrego.es\/index.php\/wp-json\/wp\/v2\/pages\/81143\/revisions"}],"predecessor-version":[{"id":81300,"href":"https:\/\/yeguadaborrego.es\/index.php\/wp-json\/wp\/v2\/pages\/81143\/revisions\/81300"}],"wp:attachment":[{"href":"https:\/\/yeguadaborrego.es\/index.php\/wp-json\/wp\/v2\/media?parent=81143"}],"curies":[{"name":"wp","href":"https:\/\/api.w.org\/{rel}","templated":true}]}}